s the units digit of -5*8*1/a?
8
Let f(h) = 5*h**2 + 5*h + 7. What is the tens digit of f(-4)?
6
Suppose 23 = 4*g - x + 2*x, -3*g + 23 = -5*x. What is the units digit of g?
6
Let z be (-51)/(-15) + 2/(-5). Suppose p - n + 9 = -3*n, 0 = -4*p - z*n - 41. Let s = -6 - p. What is the units digit of s?
5
Let d(x) = x**2 - 3*x + 2. Let c be d(3). Suppose -3*o + 19 = 4*z, -13 = -o - 2*o + c*z. Suppose -o*v - 13 = -3*r, 5*v = v + 4. What is the units digit of r?
6
What is the hundreds digit of (-4 + 3 - -1) + 107?
1
Let n(v) = 2*v + 8. What is the units digit of n(9)?
6
Let r(c) = 2*c**2 - 2*c + 1. What is the units digit of r(3)?
3
Let v = 7 + -5. Suppose 2*o - 4 = 3*k + 2, 4*k = -o + 3. Suppose -j = v - o. What is the units digit of j?
1
Let k(x) = x**3 + 6*x**2 + 2*x - 7. What is the units digit of k(-5)?
8
Suppose -2*y = -5*b - 0 + 1, 4*b = 3*y - 16. What is the tens digit of y?
1
Let r be ((-2)/(-4))/(1/4). What is the tens digit of 20*(4 - (r + 0))?
4
What is the units digit of (3 - (-933)/6)/((-4)/(-8))?
7
Let q = 15 + -18. Let w(h) = -4*h**2 + 4 + 4*h + 2*h**2 + 4*h**2. What is the units digit of w(q)?
0
Suppose 14 = 2*d - 2*f, -3*d + 2*d + 4*f + 22 = 0. Let p(k) = -k**3 + 2*k**2 - k. Let g be p(d). Let h = 0 - g. What is the units digit of h?
2
Let j(p) = 3*p - 8. Suppose 7 + 17 = m - 4*f, -4*m - 5*f = -12. What is the units digit of j(m)?
6
Suppose -5*g + 114 = -2*v - v, -3*g + 66 = -3*v. Suppose -2*x + g = 2*x. What is the units digit of x?
6
Let f(v) = 19*v**3 + 3*v**2 - 6*v + 7. What is the units digit of f(2)?
9
Let w(l) = -l**3 + 5*l**2 + l - 2. Let p be w(5). Suppose 0 = t - 15 + p. What is the units digit of t?
2
Let u = 55 - -36. What is the tens digit of u?
9
Let s(q) = -4*q + 6. Let i(k) = -17*k + 24. Let n(d) = -4*i(d) + 18*s(d). What is the units digit of n(-9)?
8
Suppose -4*j + 5 = -19. Let f(s) = -s**2 + 7*s + 3. What is the units digit of f(j)?
9
Let k be 2/(3/(-33)*1). What is the units digit of 11/k + 78/4?
9
Let f(v) = 2*v - 7. Let t(a) = -1. Let w(q) = 2*f(q) - 18*t(q). Let h be w(5). What is the tens digit of h*(0 - 1/(-2))?
1
Let g(l) = 5*l + 1. Let i be g(-2). Let s = -6 - i. What is the units digit of s?
3
Let u(d) = d**3 + 6*d**2 - 7*d + 6. Let q(j) = -j. Let w be q(7). Let v be u(w). Let z = v + -2. What is the units digit of z?
4
Let u = -30 - -61. What is the units digit of u?
1
Let j be -5 + (0 + -3)/3. Let n be -1*(-2)/(j/15). Let v = n + 11. What is the units digit of v?
6
Suppose -4*x = x. Suppose -2*d + d - 4*y + 14 = x, -5*d - 4*y = -38. What is the units digit of d?
6
Suppose 12 = 4*y, 2*m + 7 - 33 = -4*y. What is the units digit of m?
7
Suppose -q - 454 = -2*n + 4*q, q + 470 = 2*n. What is the units digit of n?
7
Suppose 588 = 2*f + 5*f. What is the tens digit of f?
8
Suppose 4*o + 12 = 2*s, 5*o = o + 3*s - 14. Let u be ((-8)/(-3) + o)*-3. Let d = 3 - u. What is the units digit of d?
5
Let m be -5*-2*3/6. Suppose -6 - 9 = -m*t. Suppose -5*l + t*l + 4 = 0. What is the units digit of l?
2
Suppose 0 = -0*a + 5*a - 3*r - 73, -5*r = 5. What is the tens digit of a?
1
Suppose 2*n = 5*n - 9. Suppose -2*f + 7*f - 10 = 0. Let p = n - f. What is the units digit of p?
1
What is the units digit of (0 + -17)/(-11 + 10)?
7
Suppose 0 = -y + 11 - 3. What is the tens digit of 2 + 53 - (y - 5)?
5
Suppose -15*j + 11*j - 4*f + 168 = 0, 5*f + 132 = 4*j. What is the units digit of j?
8
Let j(q) = -q**3 - 9*q**2 + q + 13. What is the units digit of j(-9)?
4
Let g be 574/10 - 2/5. Let h be (-3)/(-15) + g/15. What is the units digit of (-2)/h - 135/(-10)?
3
Let t = 7 + 12. What is the tens digit of t?
1
Let a(z) = -2*z - 3. Let q = 6 - 6. Let t(b) = -b**3 + b**2 - 7. Let y be t(q). What is the tens digit of a(y)?
1
Let a = 95 - 55. What is the tens digit of a?
4
Let g(j) = 3*j**2 + 6*j - 3. Let q be -2 - -2 - 1*2. Let u(a) = -a**2 + a + 1. Let n(d) = q*u(d) - g(d). What is the tens digit of n(-6)?
1
Suppose 4*w + 9 + 7 = 0. Let a be (-4)/(w/25) - 1. Let j = -14 + a. What is the tens digit of j?
1
Let m(d) = -d**3 - 10*d**2 - 9*d + 4. Let g be m(-9). Let r be (-14)/(-4) - 2/g. Suppose t + r - 6 = 0. What is the units digit of t?
3
Let o be (1/(3/(-6)))/2. Suppose 5*j = -y + 19, -2*j + 3 = y - j. What is the units digit of o + y/2*-10?
4
Let x be (5/2)/(2/4). Suppose -x*a + 4*a + t + 19 = 0, 56 = 4*a + t. What is the units digit of a?
5
Let f be 2/3*(-522)/12. Let h = 2 - f. What is the units digit of h?
1
Suppose 2*k - k = 71. Let s = k + -39. What is the units digit of s?
2
Suppose 6 = 3*j - 6. Suppose -2*b - j = 2. What is the units digit of (b/3)/(3/(-9))?
3
What is the units digit of 135/6 + (-1)/2?
2
Suppose 0 = 3*s - 4*o - 356 + 80, 3*s = -4*o + 300. What is the tens digit of s?
9
Suppose 5*j - j - 8 = 0. Let w = 2 + j. Suppose -t - t = -w. What is the units digit of t?
2
Suppose 3*i - 4*i = -10. Suppose i = b - 4. What is the tens digit of b?
1
Let o(k) = k**3 + 10*k**2 - k + 10. Let h be o(-10). Suppose 0*c - h = -2*c. What is the tens digit of c?
1
Suppose -2*x = -4, 6*h - 2*h - 4*x = 8. Suppose -h*u + z = -96 - 27, 2*u = 4*z + 58. What is the tens digit of u?
3
Let y(f) = -f - 3. Let w be y(-6). What is the units digit of 2/w*(-198)/(-12)?
1
Suppose 3*d - 63 = 48. What is the units digit of d?
7
Let b be (0 - 3)/(1 - 2). Suppose 0 = -z - b*z + 40. What is the tens digit of z?
1
Let b = -5 + 10. Suppose 3*a = -b*z + 27, -2*a - 23 + 3 = -3*z. Let g = z + 1. What is the units digit of g?
7
Let y(s) = -12*s. Let h be (-1)/(1 - 2) + -2. What is the tens digit of y(h)?
1
Let k(g) = 208*g**3 - g**2 - 2*g + 2. What is the hundreds digit of k(1)?
2
Suppose 10 - 2 = 2*l. Suppose -3*r = -j - 3, l*r - r + 21 = 5*j. What is the units digit of j?
6
Suppose y = -0*y. Let a(f) = -f**3 + f**2 - f + 2. What is the units digit of a(y)?
2
What is the tens digit of (2/(-2) + 2)*72?
7
Let k(l) be the first derivative of l**2/2 - 4*l - 2. Let j be k(8). What is the units digit of 1*(j - (0 - 1))?
5
Suppose 0 = 4*x + 8 - 24. Suppose 3*y = 3*i + 21, -x*i = -3*y + 2*y + 16. What is the units digit of y?
4
Suppose -3*s - j + 646 = 0, 0*j - 4*j = -3*s + 671. What is the units digit of s?
7
Suppose -60 - 24 = -4*v. What is the tens digit of v?
2
Let h be ((-9)/6 - -1)*6. Let j(m) = 10*m**2 + 10*m - 6. Let p(s) = -7*s**2 - 7*s + 4. Let q(v) = 5*j(v) + 7*p(v). What is the units digit of q(h)?
4
Let l(g) = -2*g. Let v be l(-2). Suppose 0 = 2*a - 5*x - 111, 36 = -2*a + 3*a + v*x. Suppose 0 = m + 3*m - a. What is the units digit of m?
2
Suppose -2*w - 6 = -2*n, -3*w = -2*w - 3*n + 13. Suppose -3*h - 89 = -w*m, 7*m - 2*m - 165 = -4*h. What is the tens digit of m?
3
What is the tens digit of 2/(-10) + (-6)/((-90)/813)?
5
Suppose 15 + 55 = 5*v. Suppose -6*n - v = -8*n. Suppose y = 5*t + n + 12, -5*t = 5. What is the tens digit of y?
1
Let z(p) = -8*p - 2. What is the units digit of z(-1)?
6
Let r = 15 - 10. What is the units digit of r?
5
Let y = -12 + 12. Suppose b - 2*l - 7 = y, 4*b + 3*l = -l + 76. What is the units digit of b?
5
Let t be 18*(-6)/(-9) - 2. Suppose 0*d + t = 5*x + d, -2 = -x + 5*d. What is the units digit of x?
2
What is the units digit of (8 - 13 - (0 - 2)) + 25?
2
Suppose -8*y + 20*y - 1008 = 0. What is the units digit of y?
4
Let w = -5 - -8. Suppose -h - w*j - 14 = 0, 2*h - 5*j + 0*j - 27 = 0. Suppose 0 = m - 7 - h. What is the units digit of m?
8
Let t(l) = -l + 13. Let q be t(10). What is the units digit of 11/33 - (-86)/q?
9
Let m(k) = -k**2 - 11*k + 7. Let j be m(-10). Let r = j - -9. What is the units digit of r?
6
Let j(l) = -l**3 + 6*l**2 + 3*l + 5. What is the tens digit of j(6)?
2
What is the units digit of (-6)/(-18) + 8/3?
3
Let d be -3 - (2/2 - -3). Let u be 164/28 + (-1)/d. Let h = 11 - u. What is the units digit of h?
5
Suppose -5*f = 2*j - 2, 2*f - 2 + 3 = j. What is the units digit of f - (2 - (2 + 1))?
1
Let s be (44/12 - 4)*183. Let o = -22 - s. What is the units digit of o?
9
Let v = 173 + -48. What is the tens digit of v?
2
Let g(y) = 2*y - 5. Suppose 3*o = 4*w + 20, 4*o + o - 25 = 5*w. Let f be g(w). Let s = -11 - f. What is the units digit of s?
4
Let x(p) = -2*p + 1. Let y be (-4)/(-18) + (-140)/63. Let o be x(y). Suppose o*i = 95 - 10. What is the units digit of i?
7
Let j = 65 + -19. Suppose -2*a + j = -0*a.